ulate the greatest common divisor of 5 and l.
5
Suppose d - 5*y - 32 = 0, -9 = -2*y - 1. What is the highest common factor of 78 and d?
26
Let k = -2 + -4. Let i be (-40)/(-22) - k/33. What is the greatest common factor of 5 and i?
1
Suppose -3*v + 8*v - 150 = 0. What is the highest common factor of v and 3?
3
Let k be (4/(-8))/(1/(-12)). Calculate the highest common divisor of 66 and k.
6
Let l = 348 + -148. Let g be (-1)/3 - (-76)/3. What is the greatest common divisor of l and g?
25
Suppose -3*b = -73 + 25. Let c(h) = h**3 - 4*h**2 - 4*h + 3. Let j be c(5). Calculate the highest common divisor of b and j.
8
Suppose 400 + 1976 = 22*c. Calculate the highest common divisor of c and 4.
4
Suppose 0 = 5*f - 3*i - 58, 0 = 4*f - 2*i - 0*i - 46. Calculate the greatest common factor of 121 and f.
11
Suppose -3*d = -4*d. Suppose d = -s + 24 + 76. What is the greatest common divisor of s and 10?
10
Let a(b) = 4*b**2 - 5*b + 9. Let j be a(3). What is the highest common factor of 270 and j?
30
Let c = 13 - 4. What is the greatest common divisor of 27 and c?
9
Let h(q) = -q**3 - 9*q**2 + 1. Let g be h(-9). Let r be (-11 - -4)/(g/(-4)). Calculate the greatest common divisor of 70 and r.
14
Suppose -d - 164 = -5*x - 2*d, -4*x = -2*d - 134. What is the greatest common factor of x and 231?
33
Suppose -4*a + 26 = -2*o, -2*a = 2*a - 5*o - 35. Suppose 0 = a*h, 5*p + 0*p - 3*h - 75 = 0. Calculate the highest common factor of 165 and p.
15
Suppose -4*n = -5*m - 57, 5*n + 0*n - 30 = -2*m. Suppose -n*z + 360 = -3*z. Calculate the highest common factor of z and 9.
9
Suppose -2384 + 388 = -2*c + 4*s, 5*s = -2*c + 1960. Suppose 11*k + c = 6*k. Let o = -90 - k. What is the highest common factor of 12 and o?
12
Let l = 52 + -43. Let p be (162/(-8))/((-2)/8). Calculate the greatest common divisor of p and l.
9
Let m = 256 - 179. Calculate the greatest common factor of m and 11.
11
Suppose -4*d - 5*c + 21 = -2*d, 12 = d + 4*c. What is the greatest common factor of d and 24?
8
Let v be (-1 - 1)/(1/(-27)). Let l(z) = -2*z**2 - 3*z + 5. Let b be l(-5). Let w = b + v. Calculate the greatest common divisor of w and 8.
8
Let l be 20/(-3)*(-3)/2. Let u = l - -3. What is the greatest common divisor of 117 and u?
13
Suppose 2*t = 0, 0 = 2*a - 5*t + t - 12. Calculate the highest common factor of a and 18.
6
Suppose i + 30 = -4*i. Let k be (-2)/10 - (-246)/30. Let h = i + k. What is the greatest common factor of 5 and h?
1
Let f be 1*(-2)/((-2)/(-7)). Let k = 24 - f. What is the greatest common divisor of k and 62?
31
Let u(r) = 3*r - 7. Let d be u(4). Calculate the highest common divisor of d and 1.
1
Suppose -u - u - 10 = -2*v, 7 = 5*v + 4*u. Let t be (-2 - v)*18/(-10). What is the highest common factor of 6 and t?
3
Let z be (-8)/36 + 614/9. What is the greatest common divisor of z and 17?
17
Let p = -9 + 1. Let m(q) = 1 - 8*q + 6 - 2. Let b be m(p). What is the greatest common factor of 23 and b?
23
Let w(n) = -8*n + 48. Let o be w(5). What is the highest common divisor of o and 12?
4
Let y = -37 - -52. What is the highest common factor of y and 75?
15
Let w = -7 - -12. Suppose 1 = -2*m + w. What is the highest common factor of 2 and m?
2
Let o(p) be the second derivative of -p**5/20 + p**4/3 - p**3/2 - 3*p. Let q be o(2). Calculate the greatest common factor of q and 5.
1
Suppose -4*w = 4*f - 24, -4*f - 15 + 55 = -4*w. Calculate the greatest common factor of 12 and f.
4
Suppose -2*w - 36 = w. Suppose 2*a - 8 + 20 = 0. Let i = a - w. What is the greatest common factor of 4 and i?
2
Let t = 6 - 3. Suppose -88 = -t*i + 59. Suppose -1 = -5*v + i. What is the greatest common divisor of 5 and v?
5
Suppose 0 = -5*b - 3*q + 25, 2 + 13 = 5*b + 5*q. Calculate the highest common divisor of b and 2.
2
Let h(w) = w + 1. Let r(i) = 8*i + 3. Let m(k) = 4*h(k) - r(k). Let u be m(-1). Suppose o + u = 2*o. What is the highest common divisor of 2 and o?
1
Suppose 0*i + 6*i - 324 = 0. What is the highest common factor of i and 54?
54
Let j(w) = -10*w + 6. Let k be j(-2). What is the greatest common factor of k and 208?
26
Let g be (8/12 - -3)*3. Let q(o) = o**3 - 11*o**2 + 7*o + 7. Let i be q(g). What is the highest common divisor of 14 and i?
14
Let h = 15 + -7. Let l be (h/(-3))/((-6)/36). What is the highest common factor of l and 40?
8
Let z = 299 - 128. Let n(q) = q**2 + q - 23. Let o be n(-7). Calculate the greatest common factor of z and o.
19
Let n(l) = 3*l + 12. Let d be n(5). Calculate the highest common factor of 18 and d.
9
Let q be ((-9)/3)/((-3)/2). Let r(n) = n**3 + n**2 - 2*n. Let o be r(-2). Suppose o*w + 3*w - 24 = 0. What is the greatest common factor of q and w?
2
Let p(q) = -9*q**2 - 3*q. Let r be p(-2). Let x = 0 - r. Calculate the greatest common divisor of 12 and x.
6
Let x be 5 - (-37 + -2)/1. Calculate the greatest common divisor of 396 and x.
44
Let v(g) = 6*g - 6. Let f be v(9). What is the highest common divisor of f and 6?
6
Suppose 3*f + f + 10 = 3*x, -3*f + 45 = 3*x. Suppose 80 = 8*h - 4*h. Calculate the highest common factor of h and x.
10
Suppose -3*r = -2 + 5, -45 = -2*x + r. Calculate the highest common factor of 33 and x.
11
Let b(l) = -l**3 + l**2 + 3*l + 4. Let d be b(3). Let a be (-3)/2*(d - -1). What is the greatest common factor of 24 and a?
6
Let k(x) = 12*x**2 - 3*x + 2. Let j be k(2). What is the greatest common factor of 11 and j?
11
Suppose 0 = h - 3*s + 46, 0*h + 16 = -h - 3*s. Let m = h - -49. Calculate the greatest common divisor of 6 and m.
6
Let n(d) = d**2 - 31*d + 62. Let y be n(29). What is the highest common divisor of y and 32?
4
Let n = -10 - -15. Suppose -w = -3*u + 79, w + 25 = -n*u + 162. Calculate the highest common divisor of u and 18.
9
Let z = -18 + 10. Suppose 5*n + 2*f - 105 = 0, 4*n - 2*n - 5*f = 42. Let m = n + z. Calculate the greatest common factor of 52 and m.
13
Suppose 0 = -2*l - 2*l - 132. Let s(v) = 3*v**3 - 4*v**2 + 2. Let b be s(3). Let c = l + b. Calculate the greatest common factor of c and 42.
14
Let i = 3 + -1. Suppose -52 = -i*b + 28. What is the greatest common factor of 8 and b?
8
Suppose -8 = -3*q + 7. Let i = q + 6. Calculate the highest common factor of 22 and i.
11
Suppose -4*c - 17 = -61. What is the greatest common factor of c and 88?
11
Let n = 101 - 61. What is the highest common factor of 8 and n?
8
Let p = 67 + 76. What is the greatest common factor of 13 and p?
13
Suppose 2*v = -32 + 4. Let r = 30 + v. What is the greatest common divisor of r and 128?
16
Let g(m) = -m + 4. Let w be g(6). Let f be (-4)/w - 0/3. Suppose 2*z = 2 + f. What is the highest common divisor of z and 14?
2
Suppose 2*v - 3 - 1 = 0. Suppose g - 4 - v = 0. Let q = -1 - -3. Calculate the highest common factor of q and g.
2
Let a be 9 - 6 - (0 - 1). Suppose 3*p - 19 = -5*y, 0 = 3*y - 7 + 1. Suppose -p*z - 2*z + 5 = 0. What is the greatest common factor of z and a?
1
Let p = 7 + -5. Suppose -4*u = -3*b + 2, 3*u - p + 4 = 2*b. Let o be b/6 - (-31)/3. What is the greatest common factor of 2 and o?
2
Let o be (-1 + 1)*1/2. Suppose -4*x + 5*k = -150, o*x = -3*x - 5*k + 130. Suppose -g - 3*g + x = 0. What is the greatest common divisor of 4 and g?
2
Suppose -4*a - 4*b - b = -20, -5*b - 20 = 0. Calculate the highest common divisor of a and 150.
10
Let b(k) = -k**3 - 2*k**2 - 2*k. Let s be b(-2). Let y(g) = g**2 + 4 - 5*g + 0 + 2*g + g**3. Let w be y(s). Calculate the greatest common factor of 8 and w.
8
Suppose -5*o = 2 - 92. Calculate the greatest common factor of o and 2.
2
Let q(u) = 2*u**3 - 3*u**2 - 4*u - 1. Let t be q(3). Suppose -t = -3*l + 13. What is the greatest common factor of 63 and l?
9
Suppose l = 2*v - 148, -5*v = 6*l - 4*l - 352. Suppose 4*z - 18 = -5*m, 2*z - z = -m + 3. Let w = 2 + m. What is the greatest common divisor of w and v?
8
Suppose 0*r + 432 = 2*r. What is the greatest common divisor of 24 and r?
24
Let x = 1 + 1. Suppose -y + 2 = -x. Suppose 2*d - 16 = d + y*a, 5*d - 2*a = 26. Calculate the greatest common factor of 20 and d.
4
Let z(r) = r**2 - 4. Let y be z(4). Suppose p + 4*p = 60. Calculate the highest common factor of p and y.
12
Let l(i) = 188*i**2 + 1. Let v be l(1). Calculate the highest common factor of v and 21.
21
Suppose 108 = 3*x - 5*k, k - 72 = -2*x - 4*k. Calculate the highest common divisor o